the hundreds digit of 245?
2
What is the thousands digit of 15588?
5
What is the thousands digit of 4896?
4
What is the hundreds digit of 444?
4
What is the hundreds digit of 9307?
3
What is the units digit of 508?
8
What is the hundreds digit of 10437?
4
What is the tens digit of 4503?
0
What is the hundreds digit of 383?
3
What is the units digit of 30380?
0
What is the hundreds digit of 20818?
8
What is the tens digit of 344?
4
What is the hundreds digit of 682?
6
What is the units digit of 3510?
0
What is the ten thousands digit of 45351?
4
What is the thousands digit of 2355?
2
What is the tens digit of 715?
1
What is the ten thousands digit of 13803?
1
What is the thousands digit of 4135?
4
What is the thousands digit of 62289?
2
What is the hundreds digit of 402?
4
What is the hundreds digit of 603?
6
What is the hundreds digit of 1707?
7
What is the thousands digit of 73524?
3
What is the thousands digit of 1816?
1
What is the thousands digit of 2288?
2
What is the tens digit of 693?
9
What is the hundreds digit of 268?
2
What is the units digit of 5297?
7
What is the tens digit of 18656?
5
What is the tens digit of 9672?
7
What is the hundreds digit of 309?
3
What is the thousands digit of 10554?
0
What is the units digit of 3953?
3
What is the hundreds digit of 1154?
1
What is the tens digit of 1414?
1
What is the thousands digit of 10583?
0
What is the units digit of 5259?
9
What is the tens digit of 1165?
6
What is the tens digit of 518?
1
What is the tens digit of 11055?
5
What is the thousands digit of 66229?
6
What is the tens digit of 11070?
7
What is the tens digit of 4353?
5
What is the ten thousands digit of 14996?
1
What is the units digit of 19826?
6
What is the tens digit of 698?
9
What is the units digit of 107908?
8
What is the units digit of 37990?
0
What is the units digit of 16674?
4
What is the thousands digit of 25785?
5
What is the units digit of 562?
2
What is the thousands digit of 63230?
3
What is the ten thousands digit of 157477?
5
What is the ten thousands digit of 56900?
5
What is the tens digit of 44603?
0
What is the thousands digit of 31042?
1
What is the tens digit of 3998?
9
What is the ten thousands digit of 144302?
4
What is the units digit of 6344?
4
What is the thousands digit of 6941?
6
What is the units digit of 45162?
2
What is the thousands digit of 4494?
4
What is the hundreds digit of 2274?
2
What is the hundreds digit of 1438?
4
What is the hundreds digit of 1891?
8
What is the thousands digit of 1688?
1
What is the tens digit of 4478?
7
What is the thousands digit of 41144?
1
What is the hundreds digit of 11124?
1
What is the tens digit of 994?
9
What is the tens digit of 89959?
5
What is the ten thousands digit of 14362?
1
What is the tens digit of 7091?
9
What is the hundreds digit of 44547?
5
What is the units digit of 3545?
5
What is the units digit of 78908?
8
What is the thousands digit of 6947?
6
What is the thousands digit of 1379?
1
What is the tens digit of 5543?
4
What is the units digit of 1603?
3
What is the tens digit of 6637?
3
What is the hundreds digit of 5786?
7
What is the hundreds digit of 35989?
9
What is the hundreds digit of 14847?
8
What is the thousands digit of 4633?
4
What is the tens digit of 35846?
4
What is the tens digit of 15295?
9
What is the units digit of 1144?
4
What is the hundreds digit of 11450?
4
What is the tens digit of 1477?
7
What is the tens digit of 7890?
9
What is the thousands digit of 1162?
1
What is the tens digit of 14513?
1
What is the tens digit of 64?
6
What is the tens digit of 4213?
1
What is the tens digit of 689?
8
What is the hundreds digit of 31326?
3
What is the tens digit of 5466?
6
What is the units digit of 66364?
4
What is the hundreds digit of 4795?
7
What is the ten thousands digit of 82839?
8
What is the units digit of 1207?
7
What is the ten thousands digit of 38082?
3
What is the hundreds digit of 1324?
3
What is the units digit of 1102?
2
What is the units digit of 2373?
3
What is the tens digit of 26023?
2
What is the hundreds digit of 913?
9
What is the ten thousands digit of 24890?
2
What is the tens digit of 3785?
8
What is the units digit of 390?
0
What is the units digit of 5573?
3
What is the tens digit of 53906?
0
What is the units digit of 8188?
8
What is the units digit of 1694?
4
What is the tens digit of 2344?
4
What is the thousands digit of 6809?
6
What is the hundreds digit of 4954?
9
What is the units digit of 294?
4
What is the ten thousands digit of 18509?
1
What is the thousands digit of 7142?
7
What is the tens digit of 57736?
3
What is the units digit of 4021?
1
What is the thousands digit of 17060?
7
What is the hundreds digit of 22001?
0
What is the thousands digit of 1843?
1
What is the ten thousands digit of 23467?
2
What is the thousands digit of 2109?
2
What is the hundreds digit of 222?
2
What is the tens digit of 2898?
9
What is the tens digit of 482?
8
What is the units digit of 1251?
1
What is the hundreds digit of 785?
7
What is the hundreds digit of 7452?
4
What is the hundreds digit of 4629?
6
What is the ten thousands digit of 12430?
1
What is the thousands digit of 6245?
6
What is the tens digit of 681?
8
What is the thousands digit of 11508?
1
What is the tens digit of 21995?
9
What is the units digit of 5050?
0
What is the units digit of 483?
3
What is the thousands digit of 12892?
2
What is the units digit of 30439?
9
What is the ten thousands digit of 38881?
3
What is the thousands digit of 60692?
0
What is the ten thousands digit of 52662?
5
What is the thousands digit of 2523?
2
What is the thousands digit of 4925?
4
What is the thousands digit of 16167?
6
What is the units digit of 948?
8
What is the hundreds digit of 25107?
1
What is the hundreds digit of 241?
2
What is the units digit of 227?
7
What is the hundreds digit of 31374?
3
What is the tens digit of 117604?
0
What is the ten thousands digit of 41795?
4
What is the tens digit of 997?
9
What is the thousands digit of 51846?
1
What is the thousands digit of 2590?
2
What is the thousands digit of 2442?
2
What is the thousands digit of 9118?
9
What is the thousands digit of 2133?
2
What is the hundreds digit of 4611?
6
What is the units digit of 109?
9
What is the units digit of 71777?
7
What is the hundreds digit of 914?
9
What is the units digit of 925?
5
What is the units digit of 1018?
8
What is the units digit of 9158?
8
What is the ten thousands digit of 15454?
1
What is the units digit of 150?
0
What is the ten thousands digit of 203588?
0
What is the units digit of 88551?
1
What is the ten thousands digit of 20157?
2
What is the hundreds digit of 865?
8
What is the units digit of 33587?
7
What is the hundreds digit of 4426?
4
What is the units digit of 2539?
9
What is the tens digit of 638?
3
What is the units digit of 1486?
6
What is the tens digit of 267?
6
What is the hundreds digit of 428?
4
What is the hundreds digit of 17365?
3
What is the ten thousands digit of 29661?
2
What is the ten thousands digit of 21266?
2
What is the tens digit of 13474?
7
What is the thousands digit of 16917?
6
What is the units digit of 119?
9
What is the units digit of 627?
7
What is the tens digit of 25363?
6
What is the hundreds digit of 289?
2
What is the hundreds digit of 3780?
7
What is the hundreds digit of 245?
2
What is the units digit of 2863?
3
What is the units digit of 9566?
6
What is the hundreds digit of 5303?
3
What is the thousands digit of 44232?
4
What is the units digit of 1120?
0
What is the units digit of 4226?
6
What is the hundreds digit of 33392?
3
What is the tens digit of 29505?
0
What is the tens digit of 96705?
0
What is the thousands digit of 1443?
1
What is the hundreds digit of 5613?
6
What is the hundreds digit of 1104?
1
What is the hundreds digit of 2007?
0
What is the tens digit of 8484?
8
What is the hundreds digit of 994?
9
What is the units digit of 13979?
9
What is the hundreds digit of 73659?
6
What is the hundreds digit of 1148?
1
What is the tens digit of 895?
9
What is the units digit of 2699?
9
What is the units digit of 16692?
2
What is the tens digit of 1087?
8
What is the hundreds digit of 11984?
9
What is the tens digit of 33832?
3
What is the thousands digit of 22899?
2
What is